{"id":149,"date":"2021-11-19T13:09:01","date_gmt":"2021-11-19T11:09:01","guid":{"rendered":"https:\/\/aquaesteam.upc.edu\/index.php\/pagina-de-registre\/"},"modified":"2022-02-11T13:09:53","modified_gmt":"2022-02-11T11:09:53","slug":"pagina-de-registre","status":"publish","type":"page","link":"https:\/\/aquaesteam.upc.edu\/index.php\/pagina-de-registre\/","title":{"rendered":"P\u00e0gina de registre"},"content":{"rendered":"\t\t<div data-elementor-type=\"wp-page\" data-elementor-id=\"149\" class=\"elementor elementor-149\" data-elementor-post-type=\"page\">\n\t\t\t\t\t\t<section class=\"elementor-section elementor-top-section elementor-element elementor-element-3a7bd93d elementor-section-boxed elementor-section-height-default elementor-section-height-default\" data-id=\"3a7bd93d\" data-element_type=\"section\" data-e-type=\"section\">\n\t\t\t\t\t\t<div class=\"elementor-container elementor-column-gap-no\">\n\t\t\t\t\t<div class=\"elementor-column elementor-col-100 elementor-top-column elementor-element elementor-element-2901b902\" data-id=\"2901b902\" data-element_type=\"column\" data-e-type=\"column\">\n\t\t\t<div class=\"elementor-widget-wrap elementor-element-populated\">\n\t\t\t\t\t\t<section class=\"elementor-section elementor-inner-section elementor-element elementor-element-536f5d0 elementor-section-boxed elementor-section-height-default elementor-section-height-default\" data-id=\"536f5d0\" data-element_type=\"section\" data-e-type=\"section\">\n\t\t\t\t\t\t<div class=\"elementor-container elementor-column-gap-default\">\n\t\t\t\t\t<div class=\"elementor-column elementor-col-100 elementor-inner-column elementor-element elementor-element-1fb55aa6\" data-id=\"1fb55aa6\" data-element_type=\"column\" data-e-type=\"column\" data-settings=\"{&quot;background_background&quot;:&quot;classic&quot;}\">\n\t\t\t<div class=\"elementor-widget-wrap elementor-element-populated\">\n\t\t\t\t\t\t<div class=\"elementor-element elementor-element-134bc0b1 elementor-widget elementor-widget-heading\" data-id=\"134bc0b1\" data-element_type=\"widget\" data-e-type=\"widget\" data-widget_type=\"heading.default\">\n\t\t\t\t<div class=\"elementor-widget-container\">\n\t\t\t\t\t<h3 class=\"elementor-heading-title elementor-size-default\">Formulari de registre<\/h3>\t\t\t\t<\/div>\n\t\t\t\t<\/div>\n\t\t\t\t<div class=\"elementor-element elementor-element-edece52 elementor-widget elementor-widget-shortcode\" data-id=\"edece52\" data-element_type=\"widget\" data-e-type=\"widget\" data-widget_type=\"shortcode.default\">\n\t\t\t\t<div class=\"elementor-widget-container\">\n\t\t\t\t\t\t\t<div class=\"elementor-shortcode\">\n<div class=\"um um-register um-9493\">\n\t<div class=\"um-form\" data-mode=\"register\">\n\t\t<form method=\"post\" action=\"\">\n\t\t\t<div class=\"um-row _um_row_1 \" style=\"margin: 0 0 30px 0;\"><div class=\"um-col-1\"><div  id=\"um_field_9493_first_name\" class=\"um-field um-field-text  um-field-first_name um-field-text um-field-type_text\" data-key=\"first_name\"><div class=\"um-field-label\"><label for=\"first_name-9493\">Nom<\/label><div class=\"um-clear\"><\/div><\/div><div class=\"um-field-area\"><input  autocomplete=\"off\" class=\"um-form-field valid \" type=\"text\" name=\"first_name-9493\" id=\"first_name-9493\" value=\"\" placeholder=\"\" data-validate=\"\" data-key=\"first_name\"  aria-invalid=\"false\" \/>\n\n\t\t\t\t\t\t<\/div><\/div><div  id=\"um_field_9493_first_name_9\" class=\"um-field um-field-text  um-field-first_name_9 um-field-text um-field-type_text\" data-key=\"first_name_9\"><div class=\"um-field-label\"><label for=\"first_name_9-9493\">Cognoms<\/label><div class=\"um-clear\"><\/div><\/div><div class=\"um-field-area\"><input  autocomplete=\"off\" class=\"um-form-field valid \" type=\"text\" name=\"first_name_9-9493\" id=\"first_name_9-9493\" value=\"\" placeholder=\"\" data-validate=\"\" data-key=\"first_name_9\"  aria-invalid=\"false\" \/>\n\n\t\t\t\t\t\t<\/div><\/div><div  id=\"um_field_9493_user_login\" class=\"um-field um-field-text  um-field-user_login um-field-text um-field-type_text\" data-key=\"user_login\"><div class=\"um-field-label\"><label for=\"user_login-9493\">Usuari pel web<\/label><div class=\"um-clear\"><\/div><\/div><div class=\"um-field-area\"><input  autocomplete=\"off\" class=\"um-form-field valid \" type=\"text\" name=\"user_login-9493\" id=\"user_login-9493\" value=\"\" placeholder=\"\" data-validate=\"unique_username\" data-key=\"user_login\"  aria-invalid=\"false\" \/>\n\n\t\t\t\t\t\t<\/div><\/div><div  id=\"um_field_9493_user_password\" class=\"um-field um-field-password  um-field-user_password um-field-password um-field-type_password\" data-key=\"user_password\"><div class=\"um-field-label\"><label for=\"user_password-9493\">Contrasenya<\/label><div class=\"um-clear\"><\/div><\/div><div class=\"um-field-area\"><input class=\"um-form-field valid \" type=\"password\" name=\"user_password-9493\" id=\"user_password-9493\" value=\"\" placeholder=\"\" data-validate=\"\" data-key=\"user_password\"  aria-invalid=\"false\" \/>\n\n\t\t\t\t\t\t\t<\/div><\/div><div  id=\"um_field_9493_confirm_user_password\" class=\"um-field um-field-password  um-field-user_password um-field-password um-field-type_password\" data-key=\"confirm_user_password\"><div class=\"um-field-label\"><label for=\"confirm_user_password-9493\">Confirm Contrasenya<\/label><div class=\"um-clear\"><\/div><\/div><div class=\"um-field-area\"><input class=\"um-form-field valid \" type=\"password\" name=\"confirm_user_password-9493\" id=\"confirm_user_password-9493\" value=\"\" placeholder=\"Confirm Contrasenya\" data-validate=\"\" data-key=\"confirm_user_password\"  aria-invalid=\"false\" \/><\/div><\/div><div  id=\"um_field_9493_user_email\" class=\"um-field um-field-text  um-field-user_email um-field-text um-field-type_text\" data-key=\"user_email\"><div class=\"um-field-label\"><label for=\"user_email-9493\">Correu electr\u00f2nic<\/label><div class=\"um-clear\"><\/div><\/div><div class=\"um-field-area\"><input  autocomplete=\"off\" class=\"um-form-field valid \" type=\"text\" name=\"user_email-9493\" id=\"user_email-9493\" value=\"\" placeholder=\"\" data-validate=\"unique_email\" data-key=\"user_email\"  aria-invalid=\"false\" \/>\n\n\t\t\t\t\t\t<\/div><\/div><div  id=\"um_field_9493_first_name_6\" class=\"um-field um-field-text  um-field-first_name_6 um-field-text um-field-type_text\" data-key=\"first_name_6\"><div class=\"um-field-label\"><label for=\"first_name_6-9493\">Municipi<\/label><div class=\"um-clear\"><\/div><\/div><div class=\"um-field-area\"><input  autocomplete=\"off\" class=\"um-form-field valid \" type=\"text\" name=\"first_name_6-9493\" id=\"first_name_6-9493\" value=\"\" placeholder=\"\" data-validate=\"\" data-key=\"first_name_6\"  aria-invalid=\"false\" \/>\n\n\t\t\t\t\t\t<\/div><\/div><div  id=\"um_field_9493_centre\" class=\"um-field um-field-text  um-field-centre um-field-text um-field-type_text\" data-key=\"centre\"><div class=\"um-field-label\"><label for=\"centre-9493\">Centre escolar<\/label><span class=\"um-tip um-tip-w\" title=\"(pels docents)\"><i class=\"um-icon-help-circled\"><\/i><\/span><div class=\"um-clear\"><\/div><\/div><div class=\"um-field-area\"><input  autocomplete=\"off\" class=\"um-form-field valid not-required \" type=\"text\" name=\"centre-9493\" id=\"centre-9493\" value=\"\" placeholder=\"\" data-validate=\"\" data-key=\"centre\"  aria-invalid=\"false\" \/>\n\n\t\t\t\t\t\t<\/div><\/div><div  id=\"um_field_9493_centre_municipi\" class=\"um-field um-field-text  um-field-centre_municipi um-field-text um-field-type_text\" data-key=\"centre_municipi\"><div class=\"um-field-label\"><label for=\"centre_municipi-9493\">Municipi del Centre<\/label><div class=\"um-clear\"><\/div><\/div><div class=\"um-field-area\"><input  autocomplete=\"off\" class=\"um-form-field valid \" type=\"text\" name=\"centre_municipi-9493\" id=\"centre_municipi-9493\" value=\"\" placeholder=\"\" data-validate=\"\" data-key=\"centre_municipi\"  aria-invalid=\"false\" \/>\n\n\t\t\t\t\t\t<\/div><\/div><div  id=\"um_field_9493_perfil\" class=\"um-field um-field-multiselect  um-field-perfil um-field-multiselect um-field-type_multiselect\" data-key=\"perfil\"><div class=\"um-field-label\"><label for=\"perfil-9493\">Quin \u00e9s el teu perfil professional?<\/label><div class=\"um-clear\"><\/div><\/div><div class=\"um-field-area  \"><select   multiple=\"multiple\" name=\"perfil[]\" id=\"perfil\" data-maxsize=\"0\" data-validate=\"\" data-key=\"perfil\" class=\"um-form-field valid um-s1 \" style=\"width: 100%\" data-placeholder=\"Escull un perfil professional\"  aria-invalid=\"false\" ><option value=\"\"><\/option><option value=\"professorat d&#039;infantil, prim\u00e0ria, secund\u00e0ria, batxillerat o cicles formatius\" >professorat d&#039;infantil, prim\u00e0ria, secund\u00e0ria, batxillerat o cicles formatius<\/option><option value=\"personal docent i investigador d&#039;universitat\" >personal docent i investigador d&#039;universitat<\/option><option value=\"personal d&#039;investigaci\u00f3 en un centre de recerca\" >personal d&#039;investigaci\u00f3 en un centre de recerca<\/option><option value=\"estudiant\" >estudiant<\/option><option value=\"professional d&#039;empresa o ind\u00fastria\" >professional d&#039;empresa o ind\u00fastria<\/option><option value=\"professional de divulgaci\u00f3 cient\u00edfica, comunicaci\u00f3\" >professional de divulgaci\u00f3 cient\u00edfica, comunicaci\u00f3<\/option><\/select><\/div><\/div><\/div><\/div>\t<input type=\"hidden\" name=\"form_id\" id=\"form_id_9493\" value=\"9493\" \/>\n\t\t<p class=\"um_request_name\">\n\t\t<label for=\"um_request_9493\">Only fill in if you are not human<\/label>\n\t\t<input type=\"hidden\" name=\"um_request\" id=\"um_request_9493\" class=\"input\" value=\"\" size=\"25\" autocomplete=\"off\" \/>\n\t<\/p>\n\t<input type=\"hidden\" id=\"_wpnonce\" name=\"_wpnonce\" value=\"47d62dc9a6\" \/><input type=\"hidden\" name=\"_wp_http_referer\" value=\"\/index.php\/wp-json\/wp\/v2\/pages\/149\" \/>\n\t<div class=\"um-col-alt\">\n\n\t\t\n\t\t\t<div class=\"um-left um-half\">\n\t\t\t\t<input type=\"submit\" value=\"Registra&#039;t\" class=\"um-button\" id=\"um-submit-btn\" \/>\n\t\t\t<\/div>\n\t\t\t<div class=\"um-right um-half\">\n\t\t\t\t<a href=\"https:\/\/aquaesteam.upc.edu\/index.php\/pagina-dentrada\/\" class=\"um-button um-alt\">\n\t\t\t\t\tAccedir\t\t\t\t<\/a>\n\t\t\t<\/div>\n\n\t\t\n\t\t<div class=\"um-clear\"><\/div>\n\n\t<\/div>\n\n\t\t\t<\/form>\n\t<\/div>\n<\/div>\n<style>\n\t\t\t.um-9493.um {\n\t\t\tmax-width: 450px;\n\t\t}\n\t\t<\/style>\n\t<\/div>\n\t\t\t\t\t\t<\/div>\n\t\t\t\t<\/div>\n\t\t\t\t\t<\/div>\n\t\t<\/div>\n\t\t\t\t\t<\/div>\n\t\t<\/section>\n\t\t\t\t\t<\/div>\n\t\t<\/div>\n\t\t\t\t\t<\/div>\n\t\t<\/section>\n\t\t\t\t<section class=\"elementor-section elementor-top-section elementor-element elementor-element-2b6b05a elementor-section-boxed elementor-section-height-default elementor-section-height-default\" data-id=\"2b6b05a\" data-element_type=\"section\" data-e-type=\"section\">\n\t\t\t\t\t\t<div class=\"elementor-container elementor-column-gap-default\">\n\t\t\t\t\t<div class=\"elementor-column elementor-col-100 elementor-top-column elementor-element elementor-element-590b8b54\" data-id=\"590b8b54\" data-element_type=\"column\" data-e-type=\"column\" data-settings=\"{&quot;background_background&quot;:&quot;classic&quot;}\">\n\t\t\t<div class=\"elementor-widget-wrap elementor-element-populated\">\n\t\t\t\t\t\t<div class=\"elementor-element elementor-element-47a3ad0 elementor-widget elementor-widget-text-editor\" data-id=\"47a3ad0\" data-element_type=\"widget\" data-e-type=\"widget\" data-widget_type=\"text-editor.default\">\n\t\t\t\t<div class=\"elementor-widget-container\">\n\t\t\t\t\t\t\t\t\t<p>D\u2019acord amb la Llei Org\u00e0nica 15\/1999, de 13 de desembre, de protecci\u00f3 de dades de car\u00e0cter personal, us informem que les dades d\u2019identificaci\u00f3 personal que heu d\u2019incloure en aquest formulari s\u00f3n de car\u00e0cter obligatori i seran incloses en un fitxer automatitzat confidencial a fi i efecte de rebre la informaci\u00f3 sol\u00b7licitada. Si accepteu rebre posteriors comunicacions, en qualsevol moment podreu consultar, rectificar o cancel\u00b7lar les dades facilitades. Per fer-ho, ho ha de comunicar a Aquaesteam, UPC Manresa, a trav\u00e9s del correu electr\u00f2nic aquaesteam.info@upc.edu o escrivint a Av. de les Bases de Manresa, 61, 73, 08242 Manresa,<\/p>\t\t\t\t\t\t\t\t<\/div>\n\t\t\t\t<\/div>\n\t\t\t\t\t<\/div>\n\t\t<\/div>\n\t\t\t\t\t<\/div>\n\t\t<\/section>\n\t\t\t\t<\/div>\n\t\t","protected":false},"excerpt":{"rendered":"<p>Formulari de registre D\u2019acord amb la Llei Org\u00e0nica 15\/1999, de 13 de desembre, de protecci\u00f3 de dades de car\u00e0cter personal, us informem que les dades d\u2019identificaci\u00f3 personal que heu d\u2019incloure en aquest formulari s\u00f3n de car\u00e0cter obligatori i seran incloses en un fitxer automatitzat confidencial a fi i efecte de rebre la informaci\u00f3 sol\u00b7licitada. Si [&hellip;]<\/p>\n","protected":false},"author":2,"featured_media":0,"parent":0,"menu_order":0,"comment_status":"closed","ping_status":"closed","template":"elementor_theme","meta":{"site-sidebar-layout":"no-sidebar","site-content-layout":"page-builder","ast-site-content-layout":"default","site-content-style":"default","site-sidebar-style":"default","ast-global-header-display":"","ast-banner-title-visibility":"","ast-main-header-display":"","ast-hfb-above-header-display":"","ast-hfb-below-header-display":"","ast-hfb-mobile-header-display":"","site-post-title":"disabled","ast-breadcrumbs-content":"","ast-featured-img":"disabled","footer-sml-layout":"","ast-disable-related-posts":"","theme-transparent-header-meta":"","adv-header-id-meta":"","stick-header-meta":"","header-above-stick-meta":"","header-main-stick-meta":"","header-below-stick-meta":"","astra-migrate-meta-layouts":"default","ast-page-background-enabled":"default","ast-page-background-meta":{"desktop":{"background-color":"var(--ast-global-color-4)","background-image":"","background-repeat":"repeat","background-position":"center center","background-size":"auto","background-attachment":"scroll","background-type":"","background-media":"","overlay-type":"","overlay-color":"","overlay-opacity":"","overlay-gradient":""},"tablet":{"background-color":"","background-image":"","background-repeat":"repeat","background-position":"center center","background-size":"auto","background-attachment":"scroll","background-type":"","background-media":"","overlay-type":"","overlay-color":"","overlay-opacity":"","overlay-gradient":""},"mobile":{"background-color":"","background-image":"","background-repeat":"repeat","background-position":"center center","background-size":"auto","background-attachment":"scroll","background-type":"","background-media":"","overlay-type":"","overlay-color":"","overlay-opacity":"","overlay-gradient":""}},"ast-content-background-meta":{"desktop":{"background-color":"var(--ast-global-color-5)","background-image":"","background-repeat":"repeat","background-position":"center center","background-size":"auto","background-attachment":"scroll","background-type":"","background-media":"","overlay-type":"","overlay-color":"","overlay-opacity":"","overlay-gradient":""},"tablet":{"background-color":"var(--ast-global-color-5)","background-image":"","background-repeat":"repeat","background-position":"center center","background-size":"auto","background-attachment":"scroll","background-type":"","background-media":"","overlay-type":"","overlay-color":"","overlay-opacity":"","overlay-gradient":""},"mobile":{"background-color":"var(--ast-global-color-5)","background-image":"","background-repeat":"repeat","background-position":"center center","background-size":"auto","background-attachment":"scroll","background-type":"","background-media":"","overlay-type":"","overlay-color":"","overlay-opacity":"","overlay-gradient":""}},"footnotes":""},"class_list":["post-149","page","type-page","status-publish","hentry"],"_links":{"self":[{"href":"https:\/\/aquaesteam.upc.edu\/index.php\/wp-json\/wp\/v2\/pages\/149","targetHints":{"allow":["GET"]}}],"collection":[{"href":"https:\/\/aquaesteam.upc.edu\/index.php\/wp-json\/wp\/v2\/pages"}],"about":[{"href":"https:\/\/aquaesteam.upc.edu\/index.php\/wp-json\/wp\/v2\/types\/page"}],"author":[{"embeddable":true,"href":"https:\/\/aquaesteam.upc.edu\/index.php\/wp-json\/wp\/v2\/users\/2"}],"replies":[{"embeddable":true,"href":"https:\/\/aquaesteam.upc.edu\/index.php\/wp-json\/wp\/v2\/comments?post=149"}],"version-history":[{"count":185,"href":"https:\/\/aquaesteam.upc.edu\/index.php\/wp-json\/wp\/v2\/pages\/149\/revisions"}],"predecessor-version":[{"id":9516,"href":"https:\/\/aquaesteam.upc.edu\/index.php\/wp-json\/wp\/v2\/pages\/149\/revisions\/9516"}],"wp:attachment":[{"href":"https:\/\/aquaesteam.upc.edu\/index.php\/wp-json\/wp\/v2\/media?parent=149"}],"curies":[{"name":"wp","href":"https:\/\/api.w.org\/{rel}","templated":true}]}}