{"id":8996,"date":"2021-12-28T12:51:34","date_gmt":"2021-12-28T10:51:34","guid":{"rendered":"https:\/\/aquaesteam.upc.edu\/?page_id=8996"},"modified":"2023-12-19T12:29:58","modified_gmt":"2023-12-19T10:29:58","slug":"activitats","status":"publish","type":"page","link":"https:\/\/aquaesteam.upc.edu\/index.php\/activitats\/","title":{"rendered":"OFERTA ACTIVITATS centres escolars"},"content":{"rendered":"\t\t<div data-elementor-type=\"wp-page\" data-elementor-id=\"8996\" class=\"elementor elementor-8996\" data-elementor-post-type=\"page\">\n\t\t\t\t\t\t<section class=\"elementor-section elementor-top-section elementor-element elementor-element-9f923ec elementor-section-boxed elementor-section-height-default elementor-section-height-default\" data-id=\"9f923ec\" data-element_type=\"section\" data-e-type=\"section\">\n\t\t\t\t\t\t<div class=\"elementor-container elementor-column-gap-no\">\n\t\t\t\t\t<div class=\"elementor-column elementor-col-100 elementor-top-column elementor-element elementor-element-519524e\" data-id=\"519524e\" data-element_type=\"column\" data-e-type=\"column\" data-settings=\"{&quot;background_background&quot;:&quot;classic&quot;}\">\n\t\t\t<div class=\"elementor-widget-wrap elementor-element-populated\">\n\t\t\t\t\t\t<div class=\"elementor-element elementor-element-4c88c70 elementor-widget elementor-widget-heading\" data-id=\"4c88c70\" data-element_type=\"widget\" data-e-type=\"widget\" data-widget_type=\"heading.default\">\n\t\t\t\t<div class=\"elementor-widget-container\">\n\t\t\t\t\t<h2 class=\"elementor-heading-title elementor-size-default\">Experi\u00e8ncia AquaeSTEAM!\n\n<\/h2>\t\t\t\t<\/div>\n\t\t\t\t<\/div>\n\t\t\t\t\t<\/div>\n\t\t<\/div>\n\t\t\t\t\t<\/div>\n\t\t<\/section>\n\t\t\t\t<section class=\"elementor-section elementor-top-section elementor-element elementor-element-25c63ef elementor-section-boxed elementor-section-height-default elementor-section-height-default\" data-id=\"25c63ef\" data-element_type=\"section\" data-e-type=\"section\">\n\t\t\t\t\t\t<div class=\"elementor-container elementor-column-gap-default\">\n\t\t\t\t\t<div class=\"elementor-column elementor-col-100 elementor-top-column elementor-element elementor-element-218aac68\" data-id=\"218aac68\" data-element_type=\"column\" data-e-type=\"column\">\n\t\t\t<div class=\"elementor-widget-wrap elementor-element-populated\">\n\t\t\t\t\t\t<section class=\"elementor-section elementor-inner-section elementor-element elementor-element-19fe6b4 elementor-section-boxed elementor-section-height-default elementor-section-height-default\" data-id=\"19fe6b4\" data-element_type=\"section\" data-e-type=\"section\">\n\t\t\t\t\t\t<div class=\"elementor-container elementor-column-gap-default\">\n\t\t\t\t\t<div class=\"elementor-column elementor-col-33 elementor-inner-column elementor-element elementor-element-d886e1f\" data-id=\"d886e1f\" data-element_type=\"column\" data-e-type=\"column\">\n\t\t\t<div class=\"elementor-widget-wrap elementor-element-populated\">\n\t\t\t\t\t\t<div class=\"elementor-element elementor-element-66d7365 elementor-widget elementor-widget-text-editor\" data-id=\"66d7365\" data-element_type=\"widget\" data-e-type=\"widget\" data-widget_type=\"text-editor.default\">\n\t\t\t\t<div class=\"elementor-widget-container\">\n\t\t\t\t\t\t\t\t\t<strong>QU\u00c8?<\/strong>\t\t\t\t\t\t\t\t<\/div>\n\t\t\t\t<\/div>\n\t\t\t\t<div class=\"elementor-element elementor-element-64fd44f elementor-widget elementor-widget-text-editor\" data-id=\"64fd44f\" data-element_type=\"widget\" data-e-type=\"widget\" data-widget_type=\"text-editor.default\">\n\t\t\t\t<div class=\"elementor-widget-container\">\n\t\t\t\t\t\t\t\t\t<p><span style=\"font-style: inherit; font-weight: inherit; color: var( --e-global-color-text ); letter-spacing: 0.1px; background-color: var( --e-global-color-17794e9 );\">Una experi\u00e8ncia STEAM inspirada en l&#8217;aigua.<\/span><\/p>\t\t\t\t\t\t\t\t<\/div>\n\t\t\t\t<\/div>\n\t\t\t\t<div class=\"elementor-element elementor-element-1820c0b elementor-widget elementor-widget-text-editor\" data-id=\"1820c0b\" data-element_type=\"widget\" data-e-type=\"widget\" data-widget_type=\"text-editor.default\">\n\t\t\t\t<div class=\"elementor-widget-container\">\n\t\t\t\t\t\t\t\t\t<p><strong>QUAN?<\/strong><\/p>\t\t\t\t\t\t\t\t<\/div>\n\t\t\t\t<\/div>\n\t\t\t\t<div class=\"elementor-element elementor-element-3d0c125 elementor-widget elementor-widget-text-editor\" data-id=\"3d0c125\" data-element_type=\"widget\" data-e-type=\"widget\" data-widget_type=\"text-editor.default\">\n\t\t\t\t<div class=\"elementor-widget-container\">\n\t\t\t\t\t\t\t\t\t<p><span style=\"font-style: inherit; font-weight: inherit; background-color: var( --e-global-color-17794e9 );\">De dilluns a divendres al mat\u00ed, en horari escolar<\/span><\/p>\t\t\t\t\t\t\t\t<\/div>\n\t\t\t\t<\/div>\n\t\t\t\t\t<\/div>\n\t\t<\/div>\n\t\t\t\t<div class=\"elementor-column elementor-col-33 elementor-inner-column elementor-element elementor-element-0b6cb80\" data-id=\"0b6cb80\" data-element_type=\"column\" data-e-type=\"column\">\n\t\t\t<div class=\"elementor-widget-wrap elementor-element-populated\">\n\t\t\t\t\t\t<div class=\"elementor-element elementor-element-2fa023b elementor-widget elementor-widget-text-editor\" data-id=\"2fa023b\" data-element_type=\"widget\" data-e-type=\"widget\" data-widget_type=\"text-editor.default\">\n\t\t\t\t<div class=\"elementor-widget-container\">\n\t\t\t\t\t\t\t\t\t<strong>PER A QUI?<\/strong>\t\t\t\t\t\t\t\t<\/div>\n\t\t\t\t<\/div>\n\t\t\t\t<div class=\"elementor-element elementor-element-f9d2636 elementor-widget elementor-widget-text-editor\" data-id=\"f9d2636\" data-element_type=\"widget\" data-e-type=\"widget\" data-widget_type=\"text-editor.default\">\n\t\t\t\t<div class=\"elementor-widget-container\">\n\t\t\t\t\t\t\t\t\t<p><span style=\"color: #333333;\">Adre\u00e7ada a estudiants de prim\u00e0ria i secund\u00e0ria dels centres de Catalunya, de manera que s\u2019adapta el contingut al nivell del grup.<\/span><\/p>\t\t\t\t\t\t\t\t<\/div>\n\t\t\t\t<\/div>\n\t\t\t\t\t<\/div>\n\t\t<\/div>\n\t\t\t\t<div class=\"elementor-column elementor-col-33 elementor-inner-column elementor-element elementor-element-d68c5c2\" data-id=\"d68c5c2\" data-element_type=\"column\" data-e-type=\"column\">\n\t\t\t<div class=\"elementor-widget-wrap elementor-element-populated\">\n\t\t\t\t\t\t<div class=\"elementor-element elementor-element-9c9a077 elementor-widget elementor-widget-text-editor\" data-id=\"9c9a077\" data-element_type=\"widget\" data-e-type=\"widget\" data-widget_type=\"text-editor.default\">\n\t\t\t\t<div class=\"elementor-widget-container\">\n\t\t\t\t\t\t\t\t\t<strong>ON?<\/strong>\t\t\t\t\t\t\t\t<\/div>\n\t\t\t\t<\/div>\n\t\t\t\t<div class=\"elementor-element elementor-element-21157ff elementor-widget elementor-widget-text-editor\" data-id=\"21157ff\" data-element_type=\"widget\" data-e-type=\"widget\" data-widget_type=\"text-editor.default\">\n\t\t\t\t<div class=\"elementor-widget-container\">\n\t\t\t\t\t\t\t\t\t<p><span style=\"color: #333333;\">S\u2019ofereix en 2 modalitats:<\/span><br style=\"color: #333333;\" \/><span style=\"font-weight: bold; color: #333333;\">AquaeSTEAM al centre escolar<\/span><span style=\"color: #333333;\">\u00a0(evita despla\u00e7ament dels escolars!)<\/span><br style=\"color: #333333;\" \/><span style=\"color: #333333;\">Horari adaptable al centre.<\/span><br style=\"color: #333333;\" \/><span style=\"font-weight: bold; color: #333333;\">AquaeSTEAM a Manresa<\/span><span style=\"color: #333333;\">,<\/span><br style=\"color: #333333;\" \/><span style=\"color: #333333;\">Un bloc a la UPC i el Museu Valent\u00ed Masachs, que es pot combinar amb un bloc al Museu de la T\u00e8cnica. A cada bloc, 1 o 2 tallers.<\/span><br style=\"color: #333333;\" \/><span style=\"color: #333333;\">1r bloc: dins la franja de 9:00 a 11:15h<\/span><br style=\"color: #333333;\" \/><span style=\"color: #333333;\">2n bloc: a partir de les 11:30h.<\/span><\/p>\t\t\t\t\t\t\t\t<\/div>\n\t\t\t\t<\/div>\n\t\t\t\t\t<\/div>\n\t\t<\/div>\n\t\t\t\t\t<\/div>\n\t\t<\/section>\n\t\t\t\t<div class=\"elementor-element elementor-element-59691ff3 elementor-widget elementor-widget-text-editor\" data-id=\"59691ff3\" data-element_type=\"widget\" data-e-type=\"widget\" data-widget_type=\"text-editor.default\">\n\t\t\t\t<div class=\"elementor-widget-container\">\n\t\t\t\t\t\t\t\t\t<h2><strong style=\"font-style: inherit; background-color: var( --e-global-color-17794e9 );\">EN QU\u00c8 CONSISTEIX?<\/strong><span style=\"font-style: inherit; font-weight: inherit; background-color: var( --e-global-color-17794e9 );\">\u00a0<\/span><\/h2>\n<div><span style=\"font-style: inherit; font-weight: inherit; background-color: var( --e-global-color-17794e9 );\">\u00a0<\/span><\/div>\n<p><span style=\"font-style: inherit; font-weight: inherit; background-color: var( --e-global-color-17794e9 );\">L&#8217;oferta combina activitats (depenent del nivell escolar) com per exemple les seg\u00fcents.<\/span><\/p>\n<p><span style=\"font-style: inherit; font-weight: inherit; background-color: var( --e-global-color-17794e9 );\">&#8211; <\/span><strong style=\"font-style: inherit; background-color: var( --e-global-color-17794e9 );\"><em>Resolem el sabotatge d&#8217;una presa, tot descobrint la compartici\u00f3 de secrets<br \/><\/em><\/strong><span style=\"font-style: inherit; font-weight: inherit; background-color: var( --e-global-color-17794e9 );\">Com \u00e9s el funcionament d&#8217;una presa? Qu\u00e8 passa si hi ha un sabotatge i desapareix l&#8217;equip d&#8217;enginyeria? Serem capa\u00e7os de reiniciar el sistema a partir dels codis secrets?<\/span><\/p>\n<p>&#8211; <strong><em>Descobrim els bits d&#8217;informaci\u00f3 gravats a l&#8217;aigua<\/em><\/strong><br \/>Les caracter\u00edstiques de l&#8217;aigua depenen de com interacciona durant el seu recorregut, sigui amb els terrenys geol\u00f2gics per on passa, o amb les activitats humanes. Els participants analitzaran l&#8217;aigua procedent de cinc punts en una \u00e0rea en la que hi ha dos rius, per descobrir com es transforma i qu\u00e8 caracter\u00edtza l&#8217;aigua de cada lloc.<\/p>\n<p>&#8211; <strong><em> L&#8217;energia i el moviment. Els cotxes poden c\u00f3rrer amb aigua? <\/em><\/strong><br \/>Qu\u00e8 t\u00e9 a veure l&#8217;aigua i la seva energia amb el moviment? Repassem exemples t\u00edpics i experimentarem amb exemples innovadors i sorprenents.<br \/>Nom\u00e9s per Batxillerat.<\/p>\n<p><strong style=\"font-style: inherit; background-color: var( --e-global-color-17794e9 );\">FUNCIONAMENT I PREUS:<\/strong><\/p>\n<p>Si s\u00f3n els participants els que es desplacen, aleshores es fa per grups de 18 a 25 persones. Cada dia es pot atendre diversos grups simultanis i es pot combinar amb tallers al Museu de la T\u00e8cnica i Parc de la S\u00e9quia. fins a un total de 4 grups simultanis, comen\u00e7ant dos grups a cada lloc. El preu \u00e9s de 7\u20ac per participant per 1 bloc de 2 tallers a la UPC.<\/p>\n<p>Els tallers al centre escolar es fan en grups-classe i es poden fer dos tallers simultanis (consulteu la taula de preus). <br \/>Al centre escolar es fa un bloc, que consisteix en 2 tallers que es complementen. Es recomana fer-los simult\u00e0niament en 2 grups classe, intercanviant l&#8217;ordre, de manera que cada participant fa 2 tallers. Consulteu la taula de preus. El preu inclou el material necessari i ja contempla el despla\u00e7ament dins de Manresa. El despla\u00e7ament dins de la comarca s\u00f3n 30\u20ac, i per altres llocs, cal acordar-ho.<\/p>\n<p><!-- \/wp:paragraph --><\/p>\n<p><!-- wp:table {\"className\":\"is-style-stripes\"} --><\/p>\n<figure>\n<table>\n<tbody>\n<tr>\n<td>\u00a0<\/td>\n<td><strong>1 grup-classe<\/strong><\/td>\n<td><strong>2 grups-classe<\/strong><\/td>\n<td><strong>3 grups-classe<\/strong><\/td>\n<td>\u00a0<\/td>\n<\/tr>\n<tr>\n<td><strong>1 taller (50&#8242; ) <\/strong><\/td>\n<td>140 \u20ac<\/td>\n<td>250 \u20ac<\/td>\n<td>300 \u20ac<\/td>\n<td>\u00a0<\/td>\n<\/tr>\n<tr>\n<td><strong>2 tallers (45&#8242; + 45&#8242;) <\/strong><\/td>\n<td>240 \u20ac<\/td>\n<td>350 \u20ac<\/td>\n<td>450 \u20ac<\/td>\n<td>\u00a0<\/td>\n<\/tr>\n<tr>\n<td>\u00a0<\/td>\n<td>\u00a0<\/td>\n<td>\u00a0<\/td>\n<td>\u00a0<\/td>\n<td>\u00a0<\/td>\n<\/tr>\n<tr>\n<td>\u00a0<\/td>\n<td>\u00a0<\/td>\n<td>\u00a0<\/td>\n<td>\u00a0<\/td>\n<td>\u00a0<\/td>\n<\/tr>\n<\/tbody>\n<\/table>\n<\/figure>\n<p><!-- \/wp:table --><\/p>\n<p><!-- wp:paragraph {\"dynamicAttributes\":{\"toolsetDSVersion\":\"230000\"}} --><\/p>\n<p><!-- \/wp:paragraph --><\/p>\n<p><!-- wp:paragraph {\"dynamicAttributes\":{\"toolsetDSVersion\":\"230000\"}} --><\/p>\n<p><b style=\"font-style: inherit; background-color: var( --e-global-color-17794e9 );\">ESPECIAL:\u00a0<br \/><\/b><span style=\"background-color: var( --e-global-color-17794e9 ); font-style: inherit; font-weight: inherit;\">Tamb\u00e9 us oferim l&#8217;espectacle STEAM\u00e0gic, amb el M\u00e0gic Pol (350 \u20ac) amb la possibilitat de combinar-lo amb un o dos tallers per un preu especial.<\/span><\/p>\n<p><strong>INSCRIPCI\u00d3 DE CENTRES ESCOLARS a trav\u00e9s de correu electr\u00f2nic:<\/strong> <a href=\"mailto:%20aquaesteam.info@upc.edu\">aquaesteam.info@upc.edu<\/a><br \/>Indiqueu quina modalitat, els tallers i el nombre de grups i 2 o 3 dates en les que estigueu interessats<br \/>Ens posarem en contacte amb vosaltres el m\u00e9s aviat possible, per confirmar la disponibilitat i facilitar-vos les instruccions pel pagament.<\/p>\n<p><!-- \/wp:paragraph --><\/p>\n<p><!-- wp:paragraph {\"dynamicAttributes\":{\"toolsetDSVersion\":\"230000\"}} --><\/p>\n<p><strong>Contacte:<\/strong> <br \/>Correu electr\u00f2nic: <a href=\"mailto:%20aquaesteam.info@upc.edu\">aquaesteam.info@upc.edu<\/a><br \/><em>UPC Manresa<\/em>, Av. de les Bases de Manresa, 61, 08242 Manresa<\/p>\n<p><!-- \/wp:paragraph --><\/p>\t\t\t\t\t\t\t\t<\/div>\n\t\t\t\t<\/div>\n\t\t\t\t\t<\/div>\n\t\t<\/div>\n\t\t\t\t\t<\/div>\n\t\t<\/section>\n\t\t\t\t<\/div>\n\t\t","protected":false},"excerpt":{"rendered":"<p>Experi\u00e8ncia AquaeSTEAM! QU\u00c8? Una experi\u00e8ncia STEAM inspirada en l&#8217;aigua. QUAN? De dilluns a divendres al mat\u00ed, en horari escolar PER A QUI? Adre\u00e7ada a estudiants de prim\u00e0ria i secund\u00e0ria dels centres de Catalunya, de manera que s\u2019adapta el contingut al nivell del grup. ON? S\u2019ofereix en 2 modalitats:AquaeSTEAM al centre escolar\u00a0(evita despla\u00e7ament dels escolars!)Horari adaptable [&hellip;]<\/p>\n","protected":false},"author":4,"featured_media":0,"parent":0,"menu_order":0,"comment_status":"closed","ping_status":"closed","template":"elementor_header_footer","meta":{"site-sidebar-layout":"default","site-content-layout":"","ast-site-content-layout":"default","site-content-style":"default","site-sidebar-style":"default","ast-global-header-display":"","ast-banner-title-visibility":"","ast-main-header-display":"","ast-hfb-above-header-display":"","ast-hfb-below-header-display":"","ast-hfb-mobile-header-display":"","site-post-title":"","ast-breadcrumbs-content":"","ast-featured-img":"","footer-sml-layout":"","ast-disable-related-posts":"","theme-transparent-header-meta":"","adv-header-id-meta":"","stick-header-meta":"","header-above-stick-meta":"","header-main-stick-meta":"","header-below-stick-meta":"","astra-migrate-meta-layouts":"default","ast-page-background-enabled":"default","ast-page-background-meta":{"desktop":{"background-color":"var(--ast-global-color-4)","background-image":"","background-repeat":"repeat","background-position":"center center","background-size":"auto","background-attachment":"scroll","background-type":"","background-media":"","overlay-type":"","overlay-color":"","overlay-opacity":"","overlay-gradient":""},"tablet":{"background-color":"","background-image":"","background-repeat":"repeat","background-position":"center center","background-size":"auto","background-attachment":"scroll","background-type":"","background-media":"","overlay-type":"","overlay-color":"","overlay-opacity":"","overlay-gradient":""},"mobile":{"background-color":"","background-image":"","background-repeat":"repeat","background-position":"center center","background-size":"auto","background-attachment":"scroll","background-type":"","background-media":"","overlay-type":"","overlay-color":"","overlay-opacity":"","overlay-gradient":""}},"ast-content-background-meta":{"desktop":{"background-color":"var(--ast-global-color-5)","background-image":"","background-repeat":"repeat","background-position":"center center","background-size":"auto","background-attachment":"scroll","background-type":"","background-media":"","overlay-type":"","overlay-color":"","overlay-opacity":"","overlay-gradient":""},"tablet":{"background-color":"var(--ast-global-color-5)","background-image":"","background-repeat":"repeat","background-position":"center center","background-size":"auto","background-attachment":"scroll","background-type":"","background-media":"","overlay-type":"","overlay-color":"","overlay-opacity":"","overlay-gradient":""},"mobile":{"background-color":"var(--ast-global-color-5)","background-image":"","background-repeat":"repeat","background-position":"center center","background-size":"auto","background-attachment":"scroll","background-type":"","background-media":"","overlay-type":"","overlay-color":"","overlay-opacity":"","overlay-gradient":""}},"footnotes":""},"class_list":["post-8996","page","type-page","status-publish","hentry"],"_links":{"self":[{"href":"https:\/\/aquaesteam.upc.edu\/index.php\/wp-json\/wp\/v2\/pages\/8996","targetHints":{"allow":["GET"]}}],"collection":[{"href":"https:\/\/aquaesteam.upc.edu\/index.php\/wp-json\/wp\/v2\/pages"}],"about":[{"href":"https:\/\/aquaesteam.upc.edu\/index.php\/wp-json\/wp\/v2\/types\/page"}],"author":[{"embeddable":true,"href":"https:\/\/aquaesteam.upc.edu\/index.php\/wp-json\/wp\/v2\/users\/4"}],"replies":[{"embeddable":true,"href":"https:\/\/aquaesteam.upc.edu\/index.php\/wp-json\/wp\/v2\/comments?post=8996"}],"version-history":[{"count":88,"href":"https:\/\/aquaesteam.upc.edu\/index.php\/wp-json\/wp\/v2\/pages\/8996\/revisions"}],"predecessor-version":[{"id":10632,"href":"https:\/\/aquaesteam.upc.edu\/index.php\/wp-json\/wp\/v2\/pages\/8996\/revisions\/10632"}],"wp:attachment":[{"href":"https:\/\/aquaesteam.upc.edu\/index.php\/wp-json\/wp\/v2\/media?parent=8996"}],"curies":[{"name":"wp","href":"https:\/\/api.w.org\/{rel}","templated":true}]}}